ose -a = -2 - l. Calculate the greatest common factor of a and 14.
14
Let k be 4319/35 - (-2)/20*-4. What is the highest common factor of 82 and k?
41
Let a be -23*-2*(-1)/(-2). Calculate the greatest common divisor of a and 184.
23
Let l be (-228)/(-8) + (-2)/(-4). Let i = l - -34. Calculate the greatest common factor of i and 7.
7
Suppose -69 = -3*m - 3*q, 0 = 4*m - q - 100 + 3. Let s = 36 + 132. What is the highest common factor of s and m?
24
Let o be (-280)/(-30) + (-2)/(-3). What is the greatest common factor of o and 15?
5
Suppose 18 = 4*d - 2. What is the highest common divisor of d and 25?
5
Let t = -14 - -27. Suppose -2*w + 6 = h, -w = -2*w + 2*h + t. Calculate the greatest common factor of w and 10.
5
Let i(h) = h**3 + 9*h**2 - h - 5. Let v = 26 + -15. Let g = v + -20. Let n be i(g). Calculate the highest common factor of n and 8.
4
Suppose 4*q + 136 = 640. What is the highest common divisor of q and 18?
18
Let b = 163 + -83. Suppose 5*q - 51 = c - 0*c, q - 5 = -5*c. Calculate the greatest common factor of b and q.
10
Suppose -3*s = -5*o + 94, -s - s = -4. Suppose -5*w + 106 = 2*f - w, o = 5*w. Calculate the greatest common divisor of f and 30.
15
Let w(b) = -b + 4. Let l be w(0). Suppose 0 = -k + l*k - 18. Calculate the highest common divisor of 2 and k.
2
Let p(t) = -t**3 - 2*t**2 + 5*t - 1. Let n be p(-5). Suppose 3*w - 59 - n = 0. Suppose 13*y = 8*y + 60. Calculate the greatest common divisor of y and w.
12
Let t(s) = s**3 + 11*s**2 - 3*s - 16. Let g be t(-11). What is the greatest common factor of 153 and g?
17
Let b = 65 + 1. What is the greatest common factor of b and 22?
22
Let x be (-1 - -11)*(-2)/(-5). Let w = x + 16. What is the greatest common factor of w and 10?
10
Let y(k) = -k**3 + 10*k**2 + 8*k. Let l be y(10). Let h be 6/(1 - -2)*8. Let p = h - 6. Calculate the greatest common divisor of l and p.
10
Let s be (-5)/(5 + 0) - -127. Calculate the highest common divisor of s and 14.
14
Suppose 4*n - 5*n = 0. Suppose 3*j - 29 = 2*j. Suppose n = 4*l - 5*h - 5, -j + 4 = -2*l - 5*h. What is the greatest common factor of l and 45?
5
Suppose 5*h = 3*h. Suppose 280 = 4*s - h*s. What is the greatest common factor of s and 28?
14
Let u be 2 + 1 + 5 + -4. Suppose 3*k = -k - 3*t + 207, u*k = 4*t + 172. What is the greatest common divisor of 12 and k?
12
Let h(k) = k**2 - 4*k + 4. Let u be h(5). What is the highest common factor of u and 99?
9
Let r be ((-2)/(-6) - -2)*3. Suppose 48 = -r*i + 11*i. What is the highest common divisor of 84 and i?
12
Let f(y) = 103*y**3 + 3*y - 2. Let p be f(1). Calculate the highest common divisor of 52 and p.
52
Let f(l) = -l**3 - 4*l**2 + 4*l - 5. Let v be f(-5). Suppose 6 = 3*y - 0*y. Suppose y*n = -v*n + 48. Calculate the highest common divisor of n and 60.
12
Let t be ((-1)/(-2))/((-1)/(-2)). Suppose -2*p + x + 13 = 0, -1 = -0*p - 2*p - 3*x. Let q = t + p. What is the highest common divisor of 15 and q?
3
Suppose 5*a - 2*i = 12, -a = a + 5*i + 1. Let s = 78 + -53. Suppose 2*h + s = -0*q + 5*q, 3*h + 9 = -2*q. Calculate the highest common factor of q and a.
1
Suppose 0 = 3*u + 22 - 7. Let o(k) = -k + 1. Let j be o(u). What is the greatest common divisor of 30 and j?
6
Let h be (-1 - 2)*(-9 - -6). Let i be 10/25 - (-133)/5. Calculate the highest common factor of h and i.
9
Let b(i) = i**3 + 14*i**2 + 14*i + 16. Let d be b(-13). Let k be 1/d*(5 - -4). Let s = 45 - 24. Calculate the highest common factor of k and s.
3
Let l(c) = c**2 - c - 6. Let q be l(5). Calculate the greatest common divisor of q and 21.
7
Let i = -4 - -9. Calculate the highest common factor of 55 and i.
5
Let a = 132 + -24. Suppose -q + 31 = -0*q + i, 0 = -5*q + 2*i + 190. Suppose -q = -s - 2*s. Calculate the greatest common factor of a and s.
12
Suppose -8*g + 6 = -42. Let x(l) = -6*l**3 - l**2 - 2*l - 1. Let t be x(-1). What is the highest common divisor of g and t?
6
Suppose -9*m = -4*m - 35. Suppose -4*h + y + 35 = 0, -m - 3 = h - 4*y. What is the highest common divisor of h and 10?
10
Suppose -3*n = -5*h, n + 2*n = -h - 18. Let q = 29 + h. Let t = 0 + 65. What is the greatest common factor of t and q?
13
Suppose -4*y + 0*y - j = -52, -4*y - 4*j + 64 = 0. Calculate the greatest common factor of 60 and y.
12
Let m(q) = -6 - q - 1 - 3*q. Let w be m(-8). Calculate the greatest common divisor of w and 5.
5
Let d(r) = r - 7. Suppose 5*z = -y + 3*y + 43, 5*z + 3*y = 48. Let x be d(z). Let o be (16 - 2) + -2 + x. What is the greatest common divisor of 2 and o?
2
Let w = -274 - -146. Let y be w/(-3) + 14/(-21). Calculate the highest common divisor of 14 and y.
14
Suppose 2*a + 2 = -8. Let w = 3 - a. Calculate the greatest common factor of 24 and w.
8
Let d be -1 + (-1 - 100*-1). Let s(g) = -g**3 + 10*g**2 - 5*g - 13. Let c be s(9). Let a = d - c. What is the highest common divisor of 30 and a?
15
Let p be 1*-5 + 3/(-1). Let j = -6 - p. Calculate the highest common divisor of j and 18.
2
Suppose 2*y + 28 - 194 = 0. Let h = y - 39. What is the greatest common factor of 11 and h?
11
Let d(r) = r**2 + 5*r - 1. Let p be d(-5). Let z be p - (-183 + (2 - 4)). Let s = z + -48. What is the highest common divisor of s and 17?
17
Let l(p) = -5*p - 10. Suppose -g + 5*t + 13 = 0, 39 = -4*g - t + 7. Let k be l(g). What is the greatest common divisor of 5 and k?
5
Let r = -17 - -102. What is the greatest common divisor of 17 and r?
17
Let o(v) = -v**3 + 5*v**2 - 6. Let k be o(5). Let i be 0 - 2*39/k. What is the highest common factor of 52 and i?
13
Let f(c) = 2*c**2 + 14*c - 14. Let o be f(-8). Calculate the highest common factor of o and 3.
1
Let w = -4 - -7. Suppose -87 = -5*c - y + 44, w*y + 147 = 5*c. What is the highest common factor of c and 18?
9
Suppose b = 5*b - 20. Let l(v) = -v**3 + 5*v**2 + 4*v - 7. Let o be l(b). Calculate the greatest common factor of o and 65.
13
Let h = -150 - -293. Calculate the highest common factor of 13 and h.
13
Let l = 0 + 0. Suppose l = -m + 2. Calculate the greatest common factor of 5 and m.
1
Let o(m) = 8*m**2 - m + 2. Let a be o(-2). Suppose -c + 21 = 9. Calculate the highest common factor of a and c.
12
Let y(v) = -14*v - 12. Let h(u) = 5*u + 4. Let j(t) = 11*h(t) + 4*y(t). Let c be j(-8). Let z = c + 6. Calculate the greatest common factor of z and 110.
10
Suppose 6*c - 1005 = c + 5*f, 3*c = -f + 591. Let u = -206 + 228. What is the highest common divisor of c and u?
22
Suppose 4*z - 40 = -0*z. What is the highest common divisor of 40 and z?
10
Let q(j) = -3*j**2 - 3*j**2 + j**3 - 6*j + 0*j**3 - 8 - j**2. Let v be q(8). Let u = v + 6. What is the greatest common factor of 42 and u?
14
Let k(r) = -r**3 - 4*r**2 - 4*r - 5. Let n(u) = -u**3 + 5*u**2 - 4*u - 4. Let i be n(4). Let q be k(i). What is the highest common divisor of 88 and q?
11
Suppose -3 - 1 = g. Let a be g + 6 - (0 + -14). Let f = 193 + -81. What is the highest common divisor of a and f?
16
Let y be (-2634)/(-10) - (-4)/(-10). Suppose y = 3*k - 1. What is the greatest common divisor of 22 and k?
22
Suppose g = -0*g + 17. Let b = 29 + g. Let t = -32 + b. Calculate the highest common factor of 126 and t.
14
Let r = 50 - 42. Calculate the highest common factor of 16 and r.
8
Suppose -3*w - 2*c = -166, 4*c = -w + 2*c + 54. Suppose 2*z - 8 - w = 0. What is the greatest common divisor of 8 and z?
8
Let c be (-6)/(-2) + -6 + 7. Calculate the greatest common divisor of c and 4.
4
Let j(w) = 8*w - 5. Let k be j(2). Calculate the greatest common factor of 33 and k.
11
Suppose 26 = -0*f - 2*f. Let i = -8 - f. Suppose 4*a - 3*o + i*o = 20, 0 = -3*o + 6. Calculate the highest common divisor of 36 and a.
4
Let y(h) = h**3 + 6*h**2 + 3*h - 1. Let q be y(-5). Let c = q + 7. Calculate the greatest common divisor of c and 16.
16
Let c = -96 + 150. What is the highest common factor of 18 and c?
18
Suppose 17 = 2*n - 5*v, 0 = -2*n - 4*v - 17 + 7. Suppose -5*m + o = -24, -m + 5*o + 13 = -11. What is the highest common divisor of n and m?
1
Let r be 0 - 7/(7/(-160)). Suppose r = -0*c + 4*c. What is the highest common factor of 8 and c?
8
Suppose 2*k = 14 - 0. Let n(z) = -z**3 - 4*z**2 - 6*z - 6. Let i be n(-5). What is the highest common divisor of i and k?
7
Suppose -561 = -3*l - 3*w, -l - 5*w + 374 = l. Calculate the highest common factor of l and 17.
17
Le